4
Calculate the remainder when 2063341 is divided by 1980.
181
Calculate the remainder when 38337048 is divided by 38337042.
6
What is the remainder when 3535 is divided by 9?
7
What is the remainder when 107129 is divided by 1201?
240
Calculate the remainder when 40210295 is divided by 6.
5
Calculate the remainder when 89404797 is divided by 1608.
1605
What is the remainder when 359869999 is divided by 2120?
2119
Calculate the remainder when 5984910 is divided by 2992436.
38
Calculate the remainder when 622258 is divided by 142.
14
Calculate the remainder when 86195 is divided by 27444.
3863
What is the remainder when 1259077 is divided by 3577?
3550
What is the remainder when 1447618 is divided by 6926?
84
What is the remainder when 26719 is divided by 1625?
719
Calculate the remainder when 567435 is divided by 63046.
21
Calculate the remainder when 202702 is divided by 2743.
2463
Calculate the remainder when 7864 is divided by 2057.
1693
What is the remainder when 5382245 is divided by 71?
19
What is the remainder when 60414258 is divided by 208325?
8
What is the remainder when 2752928 is divided by 125133?
2
What is the remainder when 19121301 is divided by 550?
1
What is the remainder when 336667 is divided by 645?
622
What is the remainder when 95994 is divided by 329?
255
What is the remainder when 9106127 is divided by 209?
206
Calculate the remainder when 14358 is divided by 4041.
2235
What is the remainder when 162650 is divided by 3535?
40
What is the remainder when 5509339 is divided by 787047?
10
What is the remainder when 22236860 is divided by 24?
20
Calculate the remainder when 72269 is divided by 2598.
2123
What is the remainder when 59775 is divided by 9602?
2163
Calculate the remainder when 10718246 is divided by 3246.
3200
What is the remainder when 15240587 is divided by 22?
21
What is the remainder when 1769946 is divided by 7137?
7107
What is the remainder when 54774409 is divided by 27387182?
45
Calculate the remainder when 902950 is divided by 67.
58
What is the remainder when 470858 is divided by 47083?
28
Calculate the remainder when 35273163 is divided by 75.
63
Calculate the remainder when 2231322 is divided by 187.
38
Calculate the remainder when 84754463 is divided by 43.
1
Calculate the remainder when 65797 is divided by 2199.
2026
What is the remainder when 223980 is divided by 200?
180
What is the remainder when 4356169 is divided by 248?
49
What is the remainder when 8432059 is divided by 1405281?
373
Calculate the remainder when 2906075 is divided by 2574.
29
What is the remainder when 1306023 is divided by 175?
173
What is the remainder when 9263 is divided by 283?
207
What is the remainder when 93976 is divided by 821?
382
Calculate the remainder when 43315304 is divided by 1147.
1143
Calculate the remainder when 1867668 is divided by 904.
4
What is the remainder when 2298633 is divided by 574644?
57
What is the remainder when 54671843 is divided by 348?
347
What is the remainder when 3603225 is divided by 1201036?
117
What is the remainder when 22085651 is divided by 5521402?
43
What is the remainder when 8999931 is divided by 257139?
66
Calculate the remainder when 814018 is divided by 1971.
1966
What is the remainder when 559244 is divided by 11?
4
What is the remainder when 2257591 is divided by 706?
509
What is the remainder when 45403263 is divided by 22701625?
13
Calculate the remainder when 1412399 is divided by 2044.
2039
Calculate the remainder when 183976 is divided by 6811.
79
Calculate the remainder when 30460779 is divided by 41.
34
Calculate the remainder when 8428704 is divided by 43.
16
Calculate the remainder when 472801 is divided by 583.
571
Calculate the remainder when 4392032 is divided by 22.
18
What is the remainder when 409163 is divided by 374?
7
What is the remainder when 1567128 is divided by 2371?
2268
What is the remainder when 156468 is divided by 17381?
39
What is the remainder when 374400 is divided by 8137?
98
Calculate the remainder when 3097817 is divided by 129074.
41
Calculate the remainder when 1414040 is divided by 61465.
345
What is the remainder when 1151099 is divided by 2616?
59
What is the remainder when 8564390 is divided by 1061?
1059
Calculate the remainder when 1453170 is divided by 726539.
92
Calculate the remainder when 33606381 is divided by 160796.
17
Calculate the remainder when 5461355 is divided by 796.
795
What is the remainder when 157420 is divided by 1223?
876
Calculate the remainder when 42841 is divided by 394.
289
What is the remainder when 89519674 is divided by 47?
43
What is the remainder when 9692888 is divided by 461565?
23
Calculate the remainder when 904593 is divided by 614.
171
Calculate the remainder when 51722549 is divided by 531.
494
Calculate the remainder when 34728 is divided by 17096.
536
Calculate the remainder when 5381406 is divided by 1336.
1334
What is the remainder when 151012253 is divided by 16?
13
Calculate the remainder when 3874876 is divided by 469.
467
Calculate the remainder when 688788 is divided by 25.
13
What is the remainder when 7948 is divided by 587?
317
What is the remainder when 243663 is divided by 458?
7
Calculate the remainder when 604273 is divided by 43.
37
What is the remainder when 4644553 is divided by 9537?
34
Calculate the remainder when 42295698 is divided by 57389.
5
Calculate the remainder when 3180737 is divided by 2076.
305
What is the remainder when 574623 is divided by 694?
685
What is the remainder when 1530093 is divided by 816?
93
What is the remainder when 135747502 is divided by 12?
10
What is the remainder when 1087280 is divided by 39?
38
Calculate the remainder when 3589091 is divided by 71781.
41
What is the remainder when 228140 is divided by 2628?
2132
What is the remainder when 22449 is divided by 4403?
434
Calculate the remainder when 45542 is divided by 411.
332
Calculate the remainder when 24121833 is divided by 21.
15
Calculate the remainder when 6649837 is divided by 36.
25
Calculate the remainder when 232738 is divided by 8897.
1416
Calculate the remainder when 152800 is divided by 50929.
13
Calculate the remainder when 3348792 is divided by 669738.
102
What is the remainder when 200642 is divided by 4183?
4041
Calculate the remainder when 228159 is divided by 1435.
1429
Calculate the remainder when 191421594 is divided by 17.
13
What is the remainder when 182409754 is divided by 120482?
6
What is the remainder when 33756261 is divided by 1054883?
5
Calculate the remainder when 782875 is divided by 260428.
1591
Calculate the remainder when 490573 is divided by 66.
61
Calculate the remainder when 429906 is divided by 843.
819
Calculate the remainder when 61607 is divided by 761.
727
Calculate the remainder when 441976 is divided by 446.
436
Calculate the remainder when 221793 is divided by 1.
0
What is the remainder when 1062112 is divided by 530793?
526
Calculate the remainder when 1837469 is divided by 918570.
329
What is the remainder when 3543998 is divided by 535?
158
Calculate the remainder when 392109 is divided by 217.
207
Calculate the remainder when 316769 is divided by 23967.
5198
Calculate the remainder when 258481 is divided by 394.
17
Calculate the remainder when 14082 is divided by 2013.
2004
What is the remainder when 66653779 is divided by 4443585?
4
Calculate the remainder when 208037 is divided by 51599.
1641
What is the remainder when 300064 is divided by 30005?
14
What is the remainder when 286810 is divided by 558?
556
Calculate the remainder when 7288573 is divided by 41.
3
Calculate the remainder when 6506677 is divided by 3253320.
37
Calculate the remainder when 3243376978 is divided by 36.
34
What is the remainder when 92628719 is divided by 90?
89
Calculate the remainder when 67595952 is divided by 143.
138
What is the remainder when 56854769 is divided by 52?
49
What is the remainder when 5587920 is divided by 277?
276
Calculate the remainder when 547092 is divided by 5640.
12
Calculate the remainder when 3018471 is divided by 43.
0
Calculate the remainder when 404033 is divided by 23766.
11
Calculate the remainder when 4942677 is divided by 1759.
1646
What is the remainder when 3365414 is divided by 100?
14
Calculate the remainder when 36